{"id":187,"date":"2014-01-17T11:38:53","date_gmt":"2014-01-17T09:38:53","guid":{"rendered":"http:\/\/zahnarztwuppertal.wordpress.com\/?page_id=187"},"modified":"2014-11-21T13:46:00","modified_gmt":"2014-11-21T11:46:00","slug":"zahnarzt-koln","status":"publish","type":"page","link":"http:\/\/www.zahnarztwuppertal.org\/index.php\/zahnarzt-koln\/","title":{"rendered":"Zahnarzt K\u00f6ln"},"content":{"rendered":"<p><script>\n  (function(i,s,o,g,r,a,m){i['GoogleAnalyticsObject']=r;i[r]=i[r]||function(){\n  (i[r].q=i[r].q||[]).push(arguments)},i[r].l=1*new Date();a=s.createElement(o),\n  m=s.getElementsByTagName(o)[0];a.async=1;a.src=g;m.parentNode.insertBefore(a,m)\n  })(window,document,'script','\/\/www.google-analytics.com\/analytics.js','ga');<\/p>\n<p>  ga('create', 'UA-29563783-1', 'auto');\n  ga('send', 'pageview');<\/p>\n<p><\/script><\/p>\n<p><a href=\"http:\/\/www.zahnarztwuppertal.org\/wp-content\/uploads\/2014\/01\/zahnarzt-koeln1.jpg\"><img decoding=\"async\" loading=\"lazy\" class=\"alignleft size-full wp-image-474\" title=\"zahnarzt-koeln\" src=\"http:\/\/www.zahnarztwuppertal.org\/wp-content\/uploads\/2014\/01\/zahnarzt-koeln1.jpg\" alt=\"\" width=\"633\" height=\"483\" \/><\/a><\/p>\n<p>Folgende <strong>Zahn\u00e4rzte in K\u00f6ln <\/strong>haben die <strong>meisten <\/strong><strong>Bewertungen<\/strong> sowie die <strong>beste Gesamtnote<\/strong> auf jameda.de (Stand: 06.05.2014):<\/p>\n<p>1) Armin Safavi-nab (266 Bewertungen, Note: 1,2)<br \/>\nSchanzenstr. 6-20<br \/>\n51063 K\u00f6ln<\/p>\n<p>2) Dr. Berg (145 Bewertungen, Note: 1,3)<br \/>\nEbertplatz 2<br \/>\n50668 K\u00f6ln<\/p>\n<p>3) Dr. Kemp (89 Bewertungen, Note: 1,0)<br \/>\nRen\u00e9-Magritte-Promenade 5<br \/>\n50858 K\u00f6ln<\/p>\n<p>4) Dr. Hojczyk (84 Bewertungen, Note: 1,1)<br \/>\nMaternusstr. 8-10<br \/>\n50996 K\u00f6ln<\/p>\n<p>5) Dr. Reimer (66 Bewertungen, Note: 1,0)<br \/>\nMevissenstr. 16<br \/>\n50668 K\u00f6ln<\/p>\n","protected":false},"excerpt":{"rendered":"<p>Folgende Zahn\u00e4rzte in K\u00f6ln haben die meisten Bewertungen sowie die beste Gesamtnote auf jameda.de (Stand: 06.05.2014): 1) Armin Safavi-nab (266 Bewertungen, Note: 1,2) Schanzenstr. 6-20 51063 K\u00f6ln 2) Dr. Berg (145 Bewertungen, Note: 1,3) Ebertplatz 2 50668 K\u00f6ln 3) Dr. Kemp (89 Bewertungen, Note: 1,0) Ren\u00e9-Magritte-Promenade 5 50858 K\u00f6ln 4) Dr. Hojczyk (84 Bewertungen, Note: [&hellip;]<\/p>\n","protected":false},"author":2,"featured_media":0,"parent":0,"menu_order":0,"comment_status":"open","ping_status":"open","template":"","meta":[],"_links":{"self":[{"href":"http:\/\/www.zahnarztwuppertal.org\/index.php\/wp-json\/wp\/v2\/pages\/187"}],"collection":[{"href":"http:\/\/www.zahnarztwuppertal.org\/index.php\/wp-json\/wp\/v2\/pages"}],"about":[{"href":"http:\/\/www.zahnarztwuppertal.org\/index.php\/wp-json\/wp\/v2\/types\/page"}],"author":[{"embeddable":true,"href":"http:\/\/www.zahnarztwuppertal.org\/index.php\/wp-json\/wp\/v2\/users\/2"}],"replies":[{"embeddable":true,"href":"http:\/\/www.zahnarztwuppertal.org\/index.php\/wp-json\/wp\/v2\/comments?post=187"}],"version-history":[{"count":10,"href":"http:\/\/www.zahnarztwuppertal.org\/index.php\/wp-json\/wp\/v2\/pages\/187\/revisions"}],"predecessor-version":[{"id":607,"href":"http:\/\/www.zahnarztwuppertal.org\/index.php\/wp-json\/wp\/v2\/pages\/187\/revisions\/607"}],"wp:attachment":[{"href":"http:\/\/www.zahnarztwuppertal.org\/index.php\/wp-json\/wp\/v2\/media?parent=187"}],"curies":[{"name":"wp","href":"https:\/\/api.w.org\/{rel}","templated":true}]}}