{"id":179,"date":"2014-01-17T12:00:34","date_gmt":"2014-01-17T10:00:34","guid":{"rendered":"http:\/\/zahnarztwuppertal.wordpress.com\/?page_id=179"},"modified":"2014-11-21T13:45:49","modified_gmt":"2014-11-21T11:45:49","slug":"zahnarzt-dusseldorf","status":"publish","type":"page","link":"http:\/\/www.zahnarztwuppertal.org\/index.php\/zahnarzt-dusseldorf\/","title":{"rendered":"Zahnarzt D\u00fcsseldorf"},"content":{"rendered":"<p><script>\n  (function(i,s,o,g,r,a,m){i['GoogleAnalyticsObject']=r;i[r]=i[r]||function(){\n  (i[r].q=i[r].q||[]).push(arguments)},i[r].l=1*new Date();a=s.createElement(o),\n  m=s.getElementsByTagName(o)[0];a.async=1;a.src=g;m.parentNode.insertBefore(a,m)\n  })(window,document,'script','\/\/www.google-analytics.com\/analytics.js','ga');<\/p>\n<p>  ga('create', 'UA-29563783-1', 'auto');\n  ga('send', 'pageview');<\/p>\n<p><\/script><\/p>\n<p><a href=\"http:\/\/www.zahnarztwuppertal.org\/wp-content\/uploads\/2014\/01\/zahnarzt-duesseldorf.jpg\"><img decoding=\"async\" loading=\"lazy\" class=\"alignleft size-full wp-image-469\" title=\"zahnarzt duesseldorf\" src=\"http:\/\/www.zahnarztwuppertal.org\/wp-content\/uploads\/2014\/01\/zahnarzt-duesseldorf.jpg\" alt=\"\" width=\"600\" height=\"406\" \/><\/a>Folgende <strong>Zahn\u00e4rzte in D\u00fcsseldorf<\/strong> haben die <strong>meisten <\/strong><strong>Bewertungen<\/strong> sowie die <strong>beste Gesamtnote<\/strong> auf jameda.de (Stand: 06.05.2014):<\/p>\n<p>1) Dr. Rousi (143 Bewertungen, Note: 1,0)<br \/>\nGrafenberger Allee 99<br \/>\n40237 D\u00fcsseldorf<\/p>\n<p>2) Dr. Dr. Stroink (125 Bewertungen, Note: 1,1)<br \/>\nStresemannstr. 7<br \/>\n40210 D\u00fcsseldorf<\/p>\n<p>3) M.Sc. Giannakoudis (124 Bewertungen, Note: 1,1)<br \/>\nWerdener Str. 6<br \/>\n40227 D\u00fcsseldorf<\/p>\n<p>4) Dr. Augardt (117 Bewertungen, Note: 1,2)<br \/>\nBenderstr. 72<br \/>\n40625 D\u00fcsseldorf<\/p>\n<p>5) Dr. Klaus (100 Bewertungen, Note: 1,1)<br \/>\nKaiserstr. 5<br \/>\n40479 D\u00fcsseldorf<\/p>\n<p>&nbsp;<\/p>\n","protected":false},"excerpt":{"rendered":"<p>Folgende Zahn\u00e4rzte in D\u00fcsseldorf haben die meisten Bewertungen sowie die beste Gesamtnote auf jameda.de (Stand: 06.05.2014): 1) Dr. Rousi (143 Bewertungen, Note: 1,0) Grafenberger Allee 99 40237 D\u00fcsseldorf 2) Dr. Dr. Stroink (125 Bewertungen, Note: 1,1) Stresemannstr. 7 40210 D\u00fcsseldorf 3) M.Sc. Giannakoudis (124 Bewertungen, Note: 1,1) Werdener Str. 6 40227 D\u00fcsseldorf 4) Dr. Augardt [&hellip;]<\/p>\n","protected":false},"author":2,"featured_media":0,"parent":0,"menu_order":0,"comment_status":"open","ping_status":"open","template":"","meta":[],"_links":{"self":[{"href":"http:\/\/www.zahnarztwuppertal.org\/index.php\/wp-json\/wp\/v2\/pages\/179"}],"collection":[{"href":"http:\/\/www.zahnarztwuppertal.org\/index.php\/wp-json\/wp\/v2\/pages"}],"about":[{"href":"http:\/\/www.zahnarztwuppertal.org\/index.php\/wp-json\/wp\/v2\/types\/page"}],"author":[{"embeddable":true,"href":"http:\/\/www.zahnarztwuppertal.org\/index.php\/wp-json\/wp\/v2\/users\/2"}],"replies":[{"embeddable":true,"href":"http:\/\/www.zahnarztwuppertal.org\/index.php\/wp-json\/wp\/v2\/comments?post=179"}],"version-history":[{"count":20,"href":"http:\/\/www.zahnarztwuppertal.org\/index.php\/wp-json\/wp\/v2\/pages\/179\/revisions"}],"predecessor-version":[{"id":351,"href":"http:\/\/www.zahnarztwuppertal.org\/index.php\/wp-json\/wp\/v2\/pages\/179\/revisions\/351"}],"wp:attachment":[{"href":"http:\/\/www.zahnarztwuppertal.org\/index.php\/wp-json\/wp\/v2\/media?parent=179"}],"curies":[{"name":"wp","href":"https:\/\/api.w.org\/{rel}","templated":true}]}}